Let k be p(28). Calculate the greatest common factor of k and 24.
3
Let f be 555/(-60)*(-45 - 3). What is the greatest common divisor of 12 and f?
12
Let o be ((-20)/(-6))/(2/(-6)). Let p be (-10)/3*o*3. Suppose -5*v - 2*w + 44 = -0*w, -3*w - 9 = 0. Calculate the greatest common divisor of v and p.
10
Let m(x) = 38*x**3 + 2*x**2 - 6*x + 4. Let p be m(1). Calculate the highest common factor of 494 and p.
38
Let b = -63 + 91. Let s be b/(-3)*(-3)/2. Let q(u) = 5*u**3 - 4*u**2 + 4*u - 4. Let v be q(2). Calculate the greatest common divisor of v and s.
14
Let t(n) = -58*n + 258. Let d be t(-11). Calculate the highest common divisor of d and 28.
28
Let g = -2 + 4. Let y be 1 - (-1 + g)*(-12 - -9). Calculate the highest common factor of 32 and y.
4
Let b = 135 - 78. Let f = -37 + b. What is the highest common factor of 180 and f?
20
Suppose 15*n = 21*n - 120. What is the highest common factor of 90 and n?
10
Let d be (-9 - 57)*(-40)/6. Let o be -3 - 0 - (-44 + 1). Calculate the greatest common factor of o and d.
40
Let p(f) = 2*f + 3. Let y be p(1). What is the highest common factor of 250 and y?
5
Let y be (-3)/5 + (-2288)/(-80). Suppose -3*s + 2*o + 4 = -3*o, y = 2*s + 3*o. What is the highest common divisor of s and 8?
8
Let u be 1/(2 - 1) + -15. Suppose 2*c + o - 134 + 46 = 0, -3*o - 72 = -2*c. Let a be c/(-9)*36/u. Calculate the greatest common factor of a and 6.
6
Let z(o) = -6*o - 6. Let l be z(-7). Suppose -4*n + 3*m + 2*m = -144, 2*m - l = -n. What is the greatest common divisor of n and 27?
9
Suppose -2*m + 36 = 2*f, 2*m + 4*f + 18 = 3*m. Let h(c) = 5*c**2 - 6*c - 5. Let p be h(7). What is the greatest common factor of m and p?
18
Let l(m) be the third derivative of -m**5/60 + 23*m**4/24 - 7*m**3 - 22*m**2. Let k be l(18). What is the highest common divisor of 12 and k?
12
Suppose 1579 - 1507 = 2*b. Calculate the greatest common divisor of 60 and b.
12
Suppose 2 = -2*d + 6. Suppose 0 = -d*n - 4*l + 148, 3*l + 4 = -3*n + 232. Calculate the greatest common divisor of 6 and n.
6
Let v(r) = 17*r**2 + r - 16. Let i(h) = 6*h + 29. Let f be i(-4). Let c be v(f). What is the highest common divisor of 46 and c?
46
Suppose -2*x = -0*x - 3*w - 69, -5*x + 2*w + 145 = 0. Let j be (-12)/x*-21*30. Let c = -98 + j. What is the highest common factor of c and 26?
26
Let g be 105/(-7)*(-3)/(27/75). Let w = -70 + g. Calculate the greatest common factor of 22 and w.
11
Let a be -2 + -2 + 2 + 7. Suppose -2*s = a*g - 0 + 3, -23 = -3*s - 2*g. Calculate the highest common factor of s and 77.
11
Let d = -83 - -219. Suppose 4*l - d = 4*i + 348, 603 = 5*l - 4*i. What is the greatest common factor of 17 and l?
17
Let v(p) = 68*p - 1. Let n be v(3). Let m = -32 + 32. Suppose m = 4*w + 2*l - 114, -26 = -5*w + l + 120. What is the highest common divisor of w and n?
29
Let r(q) = -q**2 + 8*q - 4. Let d be r(7). Suppose z + 2*l = -0*z + 42, d*z = -l + 111. Calculate the greatest common divisor of z and 4.
4
Let g be 20*(-235)/(-20) + 1 + -1. What is the greatest common divisor of 94 and g?
47
Let b = 81 - 22. Suppose 5*v - b - 256 = 0. Calculate the greatest common divisor of 42 and v.
21
Let d(v) = v**3 - v**2. Let i(m) = -9*m**3 - 8*m**2 + 2*m. Let l(s) = 6*d(s) - i(s). Let z be l(1). Calculate the greatest common divisor of z and 30.
15
Let k = -181 + 221. What is the highest common factor of 120 and k?
40
Let a = 25 - 20. Suppose q + 3 = 2*i + 3*i, a*i = 15. Let n(b) = 6*b**2 + b + 4. Let v be n(-4). Calculate the highest common factor of v and q.
12
Suppose 1156 = 5*j + 331. Suppose -24 = -x - 9. What is the highest common divisor of j and x?
15
Let v be (-112)/(-84)*378/4. Let k(p) = -p**3 + p + 14. Let y be k(0). Calculate the greatest common factor of v and y.
14
Let m(h) = -h**3 - 11*h**2 - 7*h - 41. Let l be m(-14). Calculate the greatest common divisor of l and 43.
43
Suppose 39 = 3*z + 3. Suppose 5*o = -4*s + 31, -5*o - 2*s = z - 35. Suppose o*m = -2*m + 5*f + 105, -2*f = 10. What is the greatest common divisor of 24 and m?
8
Suppose -20*s + 24*s = 396. Let b = s + -78. Calculate the highest common divisor of 147 and b.
21
Let t = 22 - -23. Suppose -9 = -m - 3*o, 3*m - t = -2*m + 5*o. Calculate the greatest common factor of m and 9.
9
Suppose -75*f = -783 - 117. What is the greatest common divisor of f and 204?
12
Let m = 52 - 16. Suppose 101*k + 360 = 764. Calculate the greatest common factor of m and k.
4
Let f = -17 + 33. Let c be (-4 + -68)*(-2)/9*3. Calculate the highest common factor of f and c.
16
Let u be (-5 - -5) + (-36)/(-3). Let b = 44 - 38. Calculate the greatest common factor of b and u.
6
Let z(c) = -10*c**3 - c**2 - 4*c - 2. Let r be (4/(0 + -4) - -3) + -3. Let i be z(r). Calculate the greatest common divisor of i and 33.
11
Suppose -10*f = -11*f + 13. Let c(n) = 4 - 12*n + 27*n - 3*n. Let l be c(4). Calculate the greatest common divisor of f and l.
13
Suppose 2*r - 5*g = 76, -4*g + 2 = 10. Suppose 186*s - 189*s = -9. What is the greatest common divisor of r and s?
3
Let l(p) = -p**3 + 5*p**2 - 4*p + 18. Let j be l(3). Calculate the highest common divisor of j and 36.
12
Let f = 24 + -8. Let j be (-3)/(-12) + (-134)/(-8). Suppose -3*t = -5*c + 35 - 146, 5*c = -t + j. What is the highest common factor of t and f?
16
Let j = -401 - -425. Calculate the highest common divisor of j and 64.
8
Let d(k) = k**3 - 2*k**2 + 6*k - 2. Let h be d(4). Suppose 3256 = 221*g + 1267. Calculate the highest common factor of h and g.
9
Suppose 615 = -3*j + 870. Calculate the highest common factor of j and 15.
5
Let m be (1 - 3)/(18/(-15) - -1). What is the highest common factor of m and 90?
10
Suppose 0 = -6*c + 3*c + 12. Let g be -69*(-1)/3 - (1 + 0). Let l = -10 + g. Calculate the highest common factor of l and c.
4
Let g(o) = -3*o + 1. Let b be g(-7). Let a be (5/(-2))/((-1)/b). Suppose 3*c = 5*v + a - 5, 0 = c - v - 14. What is the highest common divisor of c and 70?
10
Suppose -4*m - 3*n + 48 = -201, 3*m = n + 177. Calculate the highest common factor of m and 24.
12
Let l = 2237 - 2208. Let m(c) = 42*c - 7. Let f be m(5). What is the highest common factor of l and f?
29
Let v be -1 - 4 - (-7 + 16/4). Let l = 11 + v. What is the greatest common factor of 9 and l?
9
Suppose 0*r + 1428 = 3*r. Suppose -l = 135 + r. Let p = l + 886. What is the highest common factor of 25 and p?
25
Suppose 4*m + q - 651 = 0, -2*m - 5*q = 2*m - 663. Let a = -240 + 258. What is the highest common factor of m and a?
18
Let b = -152 + 161. Let m be (-2*(-172)/(-12))/((-6)/b). Calculate the highest common divisor of m and 301.
43
Let x be (-393)/9 - 1/3. Let a be x/(-4)*(17 + 0). Suppose 5*y - 2*g = 95, 4*g + 0*g + 105 = 5*y. What is the greatest common factor of y and a?
17
Suppose 2*s - 2*r = -4, 3*s - 1 = -3*r + 5. Suppose z - 178 - 86 = s. What is the highest common factor of 33 and z?
33
Let t be (-27)/(-9) + 89 + -1. Suppose -2*k - 166 = -4*w, -2*k - 3*k + 131 = 4*w. Calculate the highest common divisor of w and t.
13
Let y be -2 + 10/4 + (-1510)/(-20). Suppose -3*w = 6, 3*v + 5*w = -29 + y. Calculate the greatest common factor of 19 and v.
19
Let c be (4/(-12))/(3/(-18)). Suppose c*j + 66 = 5*j. Let n(z) = 3*z**2 + 2. Let u be n(-6). What is the highest common factor of j and u?
22
Let v be (-25 - (4 + -2))*1. Let d = v + 37. What is the greatest common factor of d and 110?
10
Let d(t) = -4*t - 2 - 2*t**2 + t**2 - t + 2*t**2. Let o be d(8). Let x be (1 - (-2 - 1)) + (-186)/(-3). Calculate the greatest common divisor of o and x.
22
Suppose -90*s - 46 = -2*l - 86*s, -l + 5*s + 20 = 0. What is the greatest common factor of l and 175?
25
Suppose -4*f = 4*g - 4, 0 = -f - 0*f - 4*g - 2. Let b be ((-11)/f)/(1/(-4)). Let j = -882 - -937. What is the greatest common divisor of j and b?
11
Suppose -75 = o - 4*o. What is the greatest common factor of 25 and o?
25
Let l = -7 - -5. Let x be -2 + l + 16 - 1. Suppose 27*r - 30*r = -3. Calculate the greatest common factor of r and x.
1
Let w be 6/15 - (-3604)/265. Calculate the greatest common divisor of w and 119.
7
Let n be (-2 + 1)*-3 + (-135)/(-9). Let c be 29 - (-2 - (-1 + 0)). What is the highest common factor of n and c?
6
Let s(y) = 65*y + 252. Let k be s(0). What is the highest common factor of k and 882?
126
Suppose 5*o = 5*g - 815,